 -5?
1751330086
In base 7, what is 146 + 2464113?
2464262
In base 14, what is -3b1a - -17c?
-397c
In base 11, what is 670761 - -463?
671114
In base 2, what is -1011001001111100010100000011 + 1?
-1011001001111100010100000010
In base 8, what is 135603 + -672?
134711
In base 12, what is -148b968 - -16?
-148b952
In base 8, what is 2036 - -17657?
21715
In base 16, what is bcd6 + -1ef?
bae7
In base 15, what is e6c + -41ae?
-3242
In base 6, what is 1033421054 - -15?
1033421113
In base 6, what is -101345314 - 3?
-101345321
In base 7, what is 0 - -50436453?
50436453
In base 14, what is 6 + 6d48b6?
6d48bc
In base 4, what is 222231331 + -202?
222231123
In base 9, what is -73 + -2187008?
-2187082
In base 14, what is -7c - -19aab1?
19aa33
In base 15, what is 547 - -2c8?
820
In base 11, what is 2004375 - -18?
2004392
In base 4, what is 3213032 + -13210?
3133222
In base 4, what is -2 + 112213321?
112213313
In base 4, what is -102321100111 - 0?
-102321100111
In base 10, what is 73423 - -4269?
77692
In base 12, what is 157b - -a185?
b744
In base 5, what is 3422040200 + -13?
3422040132
In base 4, what is 1121331321100112 + 2?
1121331321100120
In base 13, what is 2 - 111c7aab?
-111c7aa9
In base 14, what is -4 + 122533b4?
122533b0
In base 5, what is 31243311 + -113341?
31124420
In base 15, what is 3c9031 + -e?
3c9022
In base 5, what is -2321242302 - -2?
-2321242300
In base 2, what is 11 - 1000010011011001011100?
-1000010011011001011001
In base 11, what is -a1846 - 778?
-a2513
In base 6, what is -2311 + -1334520?
-1341231
In base 14, what is 20202 - -4c?
20250
In base 7, what is 1251 + 536?
2120
In base 8, what is -1256541 - 203?
-1256744
In base 13, what is 33732 - -4b?
33780
In base 5, what is 2303 + 11120002?
11122310
In base 16, what is -cb - -42e4?
4219
In base 2, what is -100100 + 10011001011100010010?
10011001011011101110
In base 10, what is -4 + 5067739?
5067735
In base 11, what is 8a033 - -1a?
8a052
In base 7, what is 6422400210 + 0?
6422400210
In base 5, what is -434 - -1010?
21
In base 8, what is -106171724 + 6?
-106171716
In base 6, what is -3430151 - -252?
-3425455
In base 8, what is 2667 + 360742?
363631
In base 13, what is 5 - -10acb050?
10acb055
In base 9, what is 4858542623 - -3?
4858542626
In base 8, what is 203 - 412041?
-411636
In base 3, what is 221120001110212 + -111?
221120001110101
In base 8, what is 3012777 - 4?
3012773
In base 8, what is 1246506 + 2?
1246510
In base 5, what is 300043 - -121201?
421244
In base 11, what is 9232613 - -14?
9232627
In base 4, what is -110331 + -30301?
-201232
In base 8, what is 5517031 + 407?
5517440
In base 12, what is -9970712 - 4?
-9970716
In base 12, what is 149 + -2904?
-2777
In base 5, what is 21312030 + 13024?
21330104
In base 9, what is 166 + 1203638?
1203815
In base 16, what is fc + -152b?
-142f
In base 7, what is 46 + -610252164?
-610252115
In base 10, what is 2 + -19142893?
-19142891
In base 11, what is 1 + -4191a373?
-4191a372
In base 8, what is -717 + -1637000?
-1637717
In base 3, what is 122210120122202 + 220?
122210120200122
In base 16, what is 4b2 - -4c2b?
50dd
In base 5, what is 21124310 + 33114?
21212424
In base 9, what is 2534075 - 81?
2533884
In base 5, what is -1203403 + 1101?
-1202302
In base 5, what is 24112042 - 10?
24112032
In base 5, what is 210014 + -342334?
-132320
In base 3, what is 1112001001021002 + 12?
1112001001021021
In base 14, what is 92a + 63d?
1169
In base 8, what is -13 - 21426222?
-21426235
In base 2, what is -110111100101111011110001 - -10?
-110111100101111011101111
In base 4, what is -11122120112011 - 3?
-11122120112020
In base 10, what is 6339 - 87505?
-81166
In base 11, what is 10 + 902735?
902745
In base 13, what is -36965237 + 5?
-36965232
In base 2, what is -1010101011101 - -100010100001?
-110010111100
In base 16, what is 5 - 421e586?
-421e581
In base 10, what is -5 + -773937?
-773942
In base 10, what is -5216100 + 3?
-5216097
In base 3, what is 112021220011 + 1000222?
112022221010
In base 11, what is -1419991 + 11?
-1419980
In base 4, what is 11 - -3313113003?
3313113020
In base 5, what is 143 + 14130214?
14130412
In base 12, what is -524 + -1b15?
-2439
In base 5, what is -430234 - 223322?
-1204111
In base 5, what is 134402 - -1142432?
1332334
In base 14, what is 3441d - b?
34412
In base 16, what is 73f28 + 1c?
73f44
In base 14, what is -24cd - -34b7?
dc8
In base 2, what is -10111001010110010 - 11000101011?
-10111100011011101
In base 16, what is 82d - 3ee?
43f
In base 10, what is -44680560 + 4?
-44680556
In base 10, what is -706 + -218591?
-219297
In base 4, what is 3 - -111113223?
111113232
In base 9, what is -2018135 - 7?
-2018143
In base 4, what is 100322132231100 + -10?
100322132231030
In base 14, what is 5 + -91d1755?
-91d1750
In base 4, what is -3313121230 - -11?
-3313121213
In base 14, what is -97 - -226d?
21b6
In base 10, what is -3182908 - -20?
-3182888
In base 13, what is 1bc0999a + 1?
1bc0999b
In base 14, what is -69a60 - b3?
-69b33
In base 9, what is 31812555 - 10?
31812545
In base 11, what is 2 + -2094664?
-2094662
In base 6, what is -14352202245 + 2?
-14352202243
In base 12, what is -43a + 109b4?
10576
In base 12, what is a495bb - 11?
a495aa
In base 6, what is 203004115 - 5?
203004110
In base 3, what is 10122201010 - -2011012?
10201212022
In base 10, what is -688580 - 3?
-688583
In base 3, what is 202112110002221 - -1?
202112110002222
In base 12, what is 2751 + -912?
1a3b
In base 8, what is -2450725 - -7?
-2450716
In base 2, what is -101100010110111 + 1000110110010000?
11010011011001
In base 7, what is -3260 + 4236?
646
In base 5, what is -1333012141 - 303?
-1333012444
In base 6, what is -25052 + 250455?
221403
In base 13, what is 28925ca - -42?
289263c
In base 14, what is 1d4 - 6b422?
-6b22c
In base 6, what is -203501440 + -4?
-203501444
In base 2, what is 1100100 - -101000000101011?
101000010001111
In base 16, what is -190c - -106?
-1806
In base 11, what is -8a1a210 + -9?
-8a1a219
In base 10, what is 0 + -18207284?
-18207284
In base 14, what is -1a52 - -14ac1?
1306d
In base 12, what is -2127772a2 - -2?
-2127772a0
In base 13, what is 175a9 - 163?
17446
In base 13, what is -4 + 5322583?
532257c
In base 14, what is -11d - -1749?
162a
In base 10, what is -41553 + 21?
-41532
In base 5, what is 11 - 403230112?
-403230101
In base 6, what is -53 + 32411440?
32411343
In base 3, what is 220 + 2100111002200?
2100111010120
In base 9, what is -137688127 + -27?
-137688155
In base 15, what is 2b788 + 214?
2b99c
In base 4, what is -113 + 31133303?
31133130
In base 2, what is -100100101110000111011 + -10110100?
-100100101110011101111
In base 9, what is 5 + 12834000?
12834005
In base 11, what is -a9645001 + 0?
-a9645001
In base 5, what is 4 + -23204440203?
-23204440144
In base 14, what is b6 + a652?
a728
In base 7, what is 14 + 3266421?
3266435
In base 2, what is -1 - -10000111000101000001000?
10000111000101000000111
In base 2, what is -1000100110100010 - 10010111001110?
-1010111101110000
In base 2, what is 11101011000111111111011 - 1001?
11101011000111111110010
In base 2, what is -100101100000 - 11111101111110101?
-100000010101010101
In base 10, what is 707 + 627?
1334
In base 6, what is 4 + 223021351?
223021355
In base 4, what is -1021 - -323033300?
323032213
In base 12, what is 11946 - -4b2?
12238
In base 6, what is 1012212 + -22514?
545254
In base 14, what is 0 - 30991b?
-30991b
In base 15, what is -eded50 + 0?
-eded50
In base 4, what is 22222111002132 + 1?
22222111002133
In base 3, what is 101 - 201101222000?
-201101221122
In base 8, what is 135623 + -516?
135105
In base 7, what is 35 - -110066420?
110066455
In base 16, what is -4 - 5f7f8?
-5f7fc
In base 16, what is -33067 - a?
-33071
In base 8, what is 3421 - -332?
3753
In base 3, what is 110010220 - 1110212101?
-1000201111
In base 15, what is -18e - -c0be5?
c0a56
In base 9, what is 3 - 12735814?
-12735811
In base 15, what is -3acb6 + -b4?
-3ad7a
In base 9, what is -73082 - -57?
-73024
In base 14, what is 24 + -a8353?
-a832d
In base 13, what is 3c4 - -7262?
7656
In base 4, what is -132 + 211032311200?
211032311002
In base 7, what is 115533 - 2365?
113135
In base 13, what is 17a450 - c?
17a441
In base 5, what is 1142200334042 - 1?
1142200334041
In base 3, what is -2 + -220021122121?
-220021122200
In base 